 - -872. What is the hundreds digit of j?
3
Suppose 42 = d - 3*q - 26, -364 = -5*d + 3*q. Suppose 4*y + r = 306, -11*y + 10*y + r + d = 0. What is the tens digit of y?
7
Suppose 2*m - 4*d - 4962 = -17606, -31595 = 5*m + 5*d. What is the units digit of m/(-14) + ((-90)/(-70))/(-3)?
1
Suppose 3*g + 0*g - 87 = -x, 2*x = 3*g + 201. Suppose -2*v = -5*h + x, -3*h + 5*v + 28 = -22. Let t = h + 97. What is the units digit of t?
7
Suppose -659302 = -46*s - 220810 + 249576. What is the thousands digit of s?
4
Let n(h) = 52*h**2 - 8*h + 98. Let g be n(6). Let s = g - 631. What is the thousands digit of s?
1
Let t = 151201 + -95771. What is the hundreds digit of t?
4
Let l be (2768/(-24))/((-2)/(-9)). Let h = l + 997. What is the tens digit of h?
7
Let u(c) = 10*c**2 - 6*c - 17. Let o(k) = -6*k - 2*k - 2*k + 5*k + 9*k**2 - 16. Let t(y) = 4*o(y) - 3*u(y). What is the tens digit of t(-4)?
9
Let y(k) = -8*k**2 - 6*k + 10. Let j(x) = -x**2 + x. Let l(q) = 14*j(q) - 2*y(q). Let r be 39/13*(78/(-9) - -4). What is the units digit of l(r)?
8
Suppose k = -242 + 1998. What is the thousands digit of k?
1
What is the units digit of (-2234)/(21/(-280)*(164/24 - 6))?
4
Let k(p) = 22*p - 73. Let i(l) = 42*l - 145. Let y(h) = 6*i(h) - 10*k(h). What is the units digit of y(10)?
0
Let r(s) = -13*s**2 - 21*s + 13. Let z(h) = 2*h**2 - h - 1. Let i(c) = r(c) + 6*z(c). What is the units digit of i(-14)?
9
Let r(j) = -1098*j**3 - j**2 + 7*j + 14. What is the hundreds digit of r(-2)?
7
Suppose 310*f - 12552926 = 1910018 - 3557144. What is the hundreds digit of f?
1
Suppose -2*c + 11504 = 4*j, 2*c = 5*j + 9327 + 2123. What is the thousands digit of c?
5
Suppose -2 - 4 = -3*a. Suppose 3*v = -2*v + 4*t + 1547, v - a*t - 313 = 0. Suppose v = 11*c - 177. What is the units digit of c?
4
Let u be ((-2)/(6/33))/((-2)/(-2)). Let k = u + 11. Suppose 2*a + 116 = 3*p - k*a, -4*a - 72 = -2*p. What is the tens digit of p?
4
Suppose -7*w + 12*w + 5*j = 222995, 2*w - 3*j - 89198 = 0. What is the units digit of w?
9
What is the thousands digit of (-118)/(-1357) + 1 + 280918/46?
6
Let n = -827 + -44. Let x = n - -1327. What is the hundreds digit of x?
4
Suppose -2*f = v - 31 - 32, -28 = -f + 3*v. Let i be ((-4)/5)/((-6)/900). Suppose i = h + f. What is the units digit of h?
9
Suppose -i = -10*i + 81. Suppose i = -3*w, -w + 74 - 201 = -b. What is the tens digit of b?
2
Let x(h) = -101*h**2 + 3052*h + 30. What is the tens digit of x(22)?
9
Let d be -5 - (283*-27 - 6). Suppose 14*z - 11076 - d = 0. What is the units digit of z?
7
Let i(u) = -u**3 - 10*u**2 - 12*u - 27. Let j be i(-9). Suppose j = 8*p - 5*p + 3*k - 99, 5*p = 2*k + 144. What is the units digit of p?
0
Suppose 2*n + 152 - 70 = 0. Let q = 144 + n. What is the units digit of q?
3
Suppose -277*o + 280*o - 6 = 0. Suppose o*j - 1357 = 1875. What is the units digit of j?
6
Let a be 5 - -2 - 4/2. Suppose g - 2*x - 514 = -0*x, 0 = g + a*x - 542. What is the units digit of g?
2
Let l(x) = -5*x**2 + 56*x - 77. Let d(b) = 2*b**2 - 29*b + 39. Let s(u) = -11*d(u) - 6*l(u). What is the tens digit of s(7)?
0
Let f(r) = -822*r + 751. What is the hundreds digit of f(-20)?
1
Let w(t) = -t**2 + 15*t - 32. Let y be w(13). What is the tens digit of (y - -1) + 5 + 248?
4
Let i(v) = -v**3 + 8*v**2 + 33*v + 2. Let p be i(-3). Suppose n - 6*t - 126 = -t, p*n = 5*t + 267. What is the units digit of n?
1
Let w(l) = -1139*l**3 + 12*l**2 - 18*l - 58. What is the ten thousands digit of w(-3)?
3
Let i(r) = -14*r + 11*r - 38 + 13*r. Let h be i(5). Suppose -h = -5*y + 13. What is the units digit of y?
5
Let p be (-3293 + 0 + -1)*(1 + -2). Suppose -p = -3*y - 6*y. Suppose -v + 89 = a, -v + 5*v = a + y. What is the units digit of v?
1
Let i(j) be the second derivative of j**5/5 - j**4/3 + j**3/6 + 8*j**2 - 92*j. What is the tens digit of i(6)?
4
Let d(v) = 40*v**2 - 6*v + 98. What is the hundreds digit of d(14)?
8
What is the hundreds digit of (-4330)/(-16 + 10 + (-5)/(-1))?
3
Let q be -4*(-1)/4*(-6176)/(-2). Suppose q = 4*g + 4*x, 8*x - 11*x = 2*g - 1540. What is the hundreds digit of g?
7
Suppose -2*l = 2*w + 27 - 31, -4*w + 2 = l. What is the thousands digit of -33*95/(-3) - w?
1
Let x(a) = 18*a + 145. Let q be 1/(-10) - (-423)/30. What is the units digit of x(q)?
7
Let d(y) = -2523*y - 6016. What is the units digit of d(-14)?
6
Let i(q) be the first derivative of 27*q**3 - 1/2*q**2 + 2*q - 4. What is the units digit of i(1)?
2
Suppose -2*l - 259470 = 51*w - 55*w, 4*w + 5*l = 259407. What is the tens digit of w?
6
Let z = -51 - -15. Let r be 17/5 + z/(-60). Suppose 3*c - r*c = -66. What is the units digit of c?
6
Suppose u + 0*u - 8501 = 8962. What is the units digit of u?
3
Let d be (-2895)/(-12) + (-6)/(-8). Let x(u) = -30*u + 5. Let z be x(5). Let n = z + d. What is the tens digit of n?
9
Suppose -3*b = 736 - 784. Let h = b + 189. What is the tens digit of h?
0
Let b(j) be the third derivative of 7*j**5/60 - 5*j**4/8 - 35*j**3/3 + 79*j**2. What is the tens digit of b(-5)?
8
Let f(n) = 23*n - 31. Let w(t) = -t**2 - 9*t + 6. Let b be w(-8). Let p be f(b). Suppose -4*l + p + 9 = 0. What is the tens digit of l?
7
Let h(z) = -z**2 + 8*z + 10. Let p be h(10). Let r be 3/(1 - p/(-25)). Suppose r*n + 2*l = 663, -5*n - 4*l + 9*l = -635. What is the units digit of n?
1
Let u = -5244 + 18685. What is the tens digit of u?
4
Let a(f) = 17*f**2 + f - 12. Let u be a(-4). Let w = 7 - 172. Let q = u + w. What is the units digit of q?
1
Suppose 8*r = w + 3*r - 27, 2*w + r = 43. Suppose o + 25725 = w*o. What is the thousands digit of o?
1
Let z(o) = -3464*o + 1948. What is the tens digit of z(-5)?
6
Let n(p) = 3322*p - 519. What is the hundreds digit of n(2)?
1
Let g(m) = -60*m. Let r(o) = -o**2 - 12*o + 12. Let n be r(-13). Let p be g(n). Suppose -4*i + p = -4*c - 188, -340 = -5*i - c. What is the tens digit of i?
6
Let t(g) = 6*g**3 - 5*g**3 - 14 - 4*g**2 + 6*g**2 - 9*g. Let n be t(-3). Suppose n*z - 211 = 3*z. What is the hundreds digit of z?
2
Let n = 4513 - -47. What is the units digit of n?
0
Let u be 1*-3 + (1 + -85)/(-4). Suppose -15 + u = -x. What is the tens digit of (-4*x/(-24))/(2/(-816))?
0
Suppose -33537 = -5*s + 5*q + 17923, 4*s - 41164 = 5*q. Suppose -5*m - s = -23*m. What is the units digit of m?
2
What is the thousands digit of (-12195)/(-12)*17544/387?
6
Suppose 58625 = 3*u - 7868 + 10936. What is the hundreds digit of u?
5
Suppose -79*k = -50*k - 48*k + 173052. What is the hundreds digit of k?
1
Suppose -2*z - 3*c + 19 = 0, -4*z + 2*z = 5*c - 21. Suppose z*d - 1 = -25. What is the tens digit of 20 - (0 - 9/d)?
1
Let m = -76 + 198. Let x = m - 72. Let p = x + 13. What is the units digit of p?
3
Suppose -226 = 4*v - 738. Suppose 46*o - 1155 = -5*i + 50*o, 10 = -2*o. Suppose 5*q = i + v. What is the tens digit of q?
7
Let b(d) = -2*d**2 - 8*d - 14. Let o be b(-7). What is the tens digit of 1 + 0 + 574/o*-76?
8
What is the tens digit of (-7)/49*15*716/10*-42?
4
Let m = -132 + 134. Suppose -m*b + 33 = 23. What is the units digit of b?
5
What is the units digit of (-9 - -1*22904) + 1*(8 + -1)?
2
Let r(q) = 93*q**2 + 114*q + 2494. What is the units digit of r(-27)?
3
Let b = -7520 + 11556. What is the hundreds digit of b?
0
Let r(s) = -s + 1. Let f(t) = -33*t + 148. Let k(m) = -f(m) + 6*r(m). What is the tens digit of k(41)?
6
Suppose 31*k = -26*k + 60*k - 33786. What is the units digit of k?
2
Let q = -338 - -778. Let w = -218 + q. What is the units digit of w?
2
Let k(b) be the first derivative of 64*b**3/3 + 3*b**2 - 9*b + 79. What is the tens digit of k(2)?
5
Suppose 3*p - 2*o - 14 = -6*o, 3*p + 5*o - 16 = 0. Let f be p/8 + 69/12. Suppose f*m - 20 = m. What is the units digit of m?
4
Suppose 0*x + 38832 = x - 5*f, -77604 = -2*x - 5*f. What is the units digit of (x/186)/(4/6)?
3
Let b be -6 + 7/7 - (-2 - 723). Suppose -b + 132 = -r. What is the units digit of r?
8
Suppose -u = -5*d + 12370, 0*d = 2*d + 3*u - 4965. Let l = -1321 + d. What is the hundreds digit of l?
1
Let h = 5172 + -897. Suppose 0 = 13*d - 5696 - h. What is the hundreds digit of d?
7
Suppose 5 = -5*x, 0 = f + 2*f + 4*x + 226. What is the units digit of 1 - f - (2 - (-2)/(-2))?
4
What is the tens digit of 42/(-56) + 726/8?
9
Let k(b) be the first derivative of -43*b**2 + 8*b - 94. What is the hun